ighest common divisor of f and k?
3
Let g = -2413 + 2415. Suppose 5*l - 32 = 8. What is the highest common factor of g and l?
2
Let x = 317 + -74. Let r(q) = 2*q + 2. Let f be r(-4). Let p be f/5*(-135)/6. What is the greatest common divisor of p and x?
27
Let s be 106*(-3 + 1)*-2. Let t = 35 + 29. Suppose s = 5*y + t. Calculate the highest common divisor of y and 8.
8
Let g = -31 + 51. Suppose k + m = -20, 5*m + 16 - 166 = 5*k. Let j = -21 - k. What is the greatest common factor of j and g?
4
Let f(a) = a**2 + 3*a + 1. Let p be f(-2). Let v be (p - (1 - 1)) + -56. Let w = v - -134. What is the highest common factor of 7 and w?
7
Let c be (-15)/30 + (-33)/(-6). Calculate the greatest common factor of 145 and c.
5
Let h(c) = -c**2 + 26*c - 40. Let y be h(17). Let m be 2 + -4 + y - -1. What is the highest common factor of m and 16?
16
Suppose 5*s + 5*n - 47 = -2, 0 = -s + 2*n - 3. Suppose s*v = -20, 22 = 3*p + 7*v - 8*v. What is the greatest common divisor of 12 and p?
6
Suppose 17 = 5*j + 47. Let i be (2/4)/((-3)/j). Suppose -2*g + 3*g = 6. Calculate the highest common divisor of g and i.
1
Let r = -28 + 32. Suppose 22 = 2*l + r*w - 14, -3*l - 2*w = -54. Calculate the greatest common divisor of l and 12.
6
Suppose 80 + 49 = 3*j. Let w = 82 - j. What is the greatest common factor of w and 3?
3
Let d(q) = 15*q - 309. Let u be d(23). Calculate the greatest common factor of 240 and u.
12
Suppose 0 = -3*i + 11 - 2. Suppose 13 + 17 = i*h. What is the highest common divisor of 5 and h?
5
Let n(p) = -35*p - 208. Let j be n(-6). What is the greatest common factor of 8 and j?
2
Let f be 2/10 - (-171)/45. Suppose -5*k - f = -24. Let y be (-4)/((8/3)/(-4)). What is the greatest common factor of y and k?
2
Suppose 676 = 6*y - y + r, 2*r = 2. Calculate the highest common divisor of y and 75.
15
Suppose 0*y + 4*y = 8. Suppose -3*l + 36 = 4*v, y*l = -0*l + v + 13. What is the highest common factor of l and 8?
8
Let i = -223 - -273. What is the greatest common divisor of 100 and i?
50
Suppose 5*t = -2*j + 3*t + 362, -3*t - 897 = -5*j. What is the highest common divisor of 45 and j?
45
Let g(p) = p**2 - 9*p - 18. Suppose -4*k - 3*j = -44, -11 = -k + 2*j - j. Let a be g(k). What is the highest common factor of a and 3?
1
Suppose 30*w = 30384 + 16596. What is the highest common divisor of 27 and w?
27
Let n be ((-1 - 1) + -2)/(14 - 16). Let v be (n - (-10)/(-4))/(3/(-6)). What is the highest common factor of 11 and v?
1
Let p = -22 + 35. Let a be (-20 + p)*-3*1. Calculate the highest common factor of a and 231.
21
Suppose 88 = 19*s - 8*s. Suppose 1224 = 11*b - 2*b. Calculate the highest common divisor of s and b.
8
Let l(r) = r - 8. Let w be l(6). Let j be ((-99)/(-11) - 6)*(-26)/6. Let n = w - j. Calculate the highest common divisor of 121 and n.
11
Suppose 0 = -3*x + 5*b + 72, 2*x + 96 = 6*x + 5*b. What is the highest common divisor of 156 and x?
12
Suppose 5*p - 1 - 29 = 0. Suppose 0 = -5*l + q - p*q + 25, 0 = q. Suppose 3*a + 18 = l*a. What is the highest common factor of a and 9?
9
Let n = -232 - -370. Suppose 53 + 138 = 3*h + 2*q, n = 2*h - 4*q. Calculate the highest common factor of 26 and h.
13
Suppose 0*t = 7*t - 315. Let u(y) be the second derivative of y**3/6 - y**2/2 + 2*y. Let x be u(6). What is the greatest common factor of t and x?
5
Suppose 13*u - 14*u + 3550 = 0. Suppose u = 22*j - 2610. Calculate the highest common factor of j and 28.
28
Let l(v) = -3*v**2 + 23*v. Suppose 0 = 5*p + 2*p - 49. Let q be l(p). Calculate the greatest common factor of 21 and q.
7
Let h = -499 + 511. What is the greatest common divisor of h and 102?
6
Suppose -6*n = n - 35. Suppose -2*x + 8*c = 9*c + 1, -10 = 5*x + n*c. What is the highest common factor of 1 and x?
1
Let b = 405 + -231. Let o = -92 + b. Calculate the highest common divisor of 41 and o.
41
Let s = 12 + -18. Let k be 6/1*s/(-4). Let u be -3*(-3)/(1/1). What is the greatest common divisor of k and u?
9
Let l = 8 + -5. Suppose l*k + 24 = 78. What is the greatest common factor of k and 162?
18
Let t(m) = m**3 + 4*m**2 + 3*m - 2. Let b be t(-3). Let l be 30/(b/(-15)*5). Calculate the highest common factor of l and 225.
45
Suppose 0*u + 4*k - 419 = -u, 4*k = 3*u - 1289. What is the greatest common divisor of 7 and u?
7
Suppose -3*b - 2331 = -3*z, -b = -4*z + 7*z - 2323. What is the highest common divisor of z and 31?
31
Suppose -138*p = -111*p - 594. What is the greatest common factor of p and 54?
2
Suppose -5*z + 5*c = -5, -11 + 1 = -2*z - 2*c. Suppose 0 = z*m - m. Let j(g) = -g**2 + g + 7. Let d be j(m). What is the highest common divisor of d and 63?
7
Let n = -138 - -257. What is the greatest common divisor of 221 and n?
17
Suppose -3*i - 20 + 104 = y, 4*y + 56 = 2*i. Calculate the greatest common divisor of i and 116.
4
Suppose 3*y + b = 47, -5*y - b + 84 = -5*b. Suppose -648 = -5*s - v + 5*v, -5*v + 502 = 4*s. Calculate the highest common divisor of y and s.
16
Let r(n) = n**2 + 2*n + 8. Let i be r(-6). Let b be (-18 + -4)*32/(-2). Calculate the highest common divisor of b and i.
32
Let h = 18 - 14. Suppose 5*t + 65 = 5*a, 0 = -h*a - t + 3*t + 52. Suppose 120 = 2*n - 88. What is the highest common divisor of n and a?
13
Suppose -20*s + 34 = -18*s. Let q = 48 + s. What is the greatest common factor of 26 and q?
13
Suppose -2340 = 26*s - 39*s. Calculate the highest common divisor of s and 30.
30
Let g(x) = -x**3 + 27*x**2 + 163*x - 5. Let v be g(32). What is the greatest common divisor of 13 and v?
13
Suppose -1004 - 946 = -50*b. Calculate the greatest common divisor of 416 and b.
13
Let v(m) = m**3 - 6*m**2 - 3*m - 2. Let x be v(6). Let i = -7 - x. Calculate the highest common divisor of 117 and i.
13
Let d(l) = 19*l**3 - l**2 + 3*l - 1. Suppose -3*j + 0 + 6 = -3*v, -5*j + 10 = -2*v. Let o be d(j). Calculate the greatest common factor of 17 and o.
17
Suppose 3*u - x - 490 = 0, 0 = -3*u - x + 453 + 29. Let y be (0 + 3)/(5/30). Let q = y + 0. Calculate the greatest common divisor of u and q.
18
Let w = 747 - 696. What is the highest common factor of w and 102?
51
Suppose 7*k - 16*k = -16560. Calculate the highest common divisor of k and 16.
16
Let i = 7 - -3. Suppose -25 = -3*x - i. What is the highest common divisor of x and 20?
5
Let w = 1061 + -1046. Suppose -4*u + 7*u - 45 = 0. What is the highest common factor of w and u?
15
Suppose -5*g + 2429 = -3*z, -1440 = -3*g - 0*z - 4*z. Let q be 272/6 - (-36)/(-27). What is the greatest common divisor of g and q?
44
Suppose 0 = -2*f - 36 - 14. Let l = 27 + f. Let y be (-1)/((-1 + 0)/3). What is the greatest common divisor of l and y?
1
Let x = -904 - -1487. What is the highest common divisor of x and 22?
11
Let r = -12 - -12. Suppose -5*y + 0 - 3 = -u, -3*u + 4*y + 9 = r. Suppose u*g + 0*g = 72. Calculate the highest common divisor of g and 8.
8
Suppose -u = -6*u + 10. Let z be 567/35 - u/10. Calculate the greatest common divisor of 2 and z.
2
Let f = 98 + -84. Suppose -o + f*o = 390. Calculate the highest common factor of o and 3.
3
Suppose 4*j - b + 2*b - 65 = 0, -5*j = -3*b - 94. Suppose -294 = -20*a + j*a. Suppose 3 = -y, 3*n + 5*y - 29 = -2. What is the highest common factor of n and a?
14
Suppose -578 = -28*p - 130. What is the greatest common factor of p and 368?
16
Let f = 5 - 3. Suppose r - f*x + 4 = -0*x, 20 = 4*r + x. Suppose -t = 5*z - 57, -r*z + 29 + 22 = -t. Calculate the greatest common divisor of 6 and z.
6
Suppose -6*a = 4*y - a - 1420, -2*y + 4*a + 736 = 0. What is the greatest common divisor of 16 and y?
8
Suppose 828 + 277 = b. What is the highest common factor of b and 65?
65
Suppose 44 - 8 = 2*s. Let f(c) = 7*c**2 - 4*c + 7. Let h be f(5). What is the greatest common divisor of h and s?
18
Let u(f) = 6*f**2 - 30*f + 66. Let l be u(11). What is the greatest common factor of 14 and l?
14
Let x = 288 + -223. Calculate the highest common factor of 26 and x.
13
Suppose 0 = -216*c + 225*c - 162. Calculate the highest common divisor of 342 and c.
18
Suppose 7*a = 4*a + 5*w - 17, 0 = a - 2*w + 4. Let t(i) = -2*i - 8. Let f be t(a). What is the highest common divisor of f and 10?
10
Let f(b) = 5*b**3 - 57*b**2 - 30*b + 8. Let p be f(12). What is the greatest common factor of 10 and p?
10
Suppose -k = -2*d + 3*d + 4, 5*k = 4*d - 29. Suppose -5*